) in base 12?
-1a96
-165500 (base 7) to base 12
-17245
-1000 (base 16) to base 4
-1000000
Convert 1095 (base 11) to base 8.
2633
What is 21230 (base 8) in base 10?
8856
Convert -438 (base 10) to base 16.
-1b6
What is -1327 (base 9) in base 3?
-1100221
What is -225 (base 7) in base 10?
-117
10001010000011 (base 2) to base 7
34521
-141160 (base 8) to base 9
-75246
28a34 (base 12) to base 3
2212212211
What is 113412 (base 6) in base 5?
303442
What is 110 (base 12) in base 2?
10011100
Convert -a326 (base 15) to base 16.
-869d
-56366 (base 8) to base 10
-23798
What is -833 (base 16) in base 12?
-126b
What is 454 (base 15) in base 3?
1100021
Convert 25665 (base 7) to base 3.
100102000
What is 4a2 (base 12) in base 6?
3122
Convert -1308 (base 12) to base 11.
-16a1
452 (base 7) to base 16
e9
Convert -10b3 (base 13) to base 7.
-6555
What is 22217 (base 10) in base 14?
814d
2a9 (base 11) to base 15
191
Convert 467 (base 16) to base 7.
3200
What is 2b0d (base 15) in base 2?
10010000010110
Convert -201173 (base 8) to base 3.
-10100202210
What is 1822 (base 10) in base 2?
11100011110
-29b5 (base 12) to base 3
-20201002
Convert 20003 (base 4) to base 16.
203
Convert 13446 (base 11) to base 2.
100101011100000
780 (base 10) to base 4
30030
-212010 (base 3) to base 13
-390
2002313 (base 4) to base 7
33263
Convert 223102 (base 4) to base 7.
11035
-102 (base 6) to base 11
-35
What is 131430 (base 5) in base 12?
3048
What is 7306 (base 9) in base 4?
1103220
-163 (base 13) to base 7
-505
Convert 1250 (base 13) to base 10.
2600
What is 904 (base 12) in base 15?
5ba
-e0cd (base 16) to base 12
-29379
1051 (base 7) to base 2
101111011
1467 (base 10) to base 13
88b
Convert -212211 (base 4) to base 10.
-2469
Convert -841 (base 11) to base 3.
-1101112
Convert -9394 (base 11) to base 3.
-122001221
What is b6 (base 16) in base 10?
182
-55777 (base 9) to base 2
-1001000011011111
Convert 151311 (base 7) to base 5.
1414220
23735 (base 11) to base 7
201410
Convert 3488 (base 12) to base 11.
4451
What is -3dc (base 15) in base 5?
-12012
What is -7785 (base 9) in base 10?
-5747
Convert -1265 (base 11) to base 8.
-3154
9b5 (base 13) to base 9
2254
2c7 (base 13) to base 16
1f5
Convert -1144 (base 5) to base 8.
-256
What is -d2a (base 15) in base 4?
-232111
Convert 15412 (base 10) to base 13.
7027
What is -415 (base 11) in base 8?
-764
482 (base 9) to base 11
332
-291 (base 12) to base 2
-110001101
125651 (base 8) to base 14
1202d
What is 2002332 (base 4) in base 3?
102111110
What is 1110100 (base 2) in base 10?
116
What is -41101 (base 5) in base 4?
-221123
What is -8e43 (base 15) in base 6?
-351513
What is -3372 (base 9) in base 8?
-4677
What is 4961 (base 12) in base 7?
33100
What is 34205 (base 6) in base 7?
20036
Convert 67 (base 11) to base 12.
61
305 (base 12) to base 8
665
Convert e90 (base 15) to base 12.
1a99
453 (base 14) to base 4
31121
Convert 6455 (base 7) to base 14.
b9c
-1b4 (base 16) to base 7
-1162
Convert 2a (base 14) to base 11.
35
What is 3143 (base 8) in base 6?
11323
What is 2258 (base 9) in base 14?
877
-185 (base 14) to base 2
-100111001
What is -440155 (base 6) in base 16?
-8e07
-4443 (base 6) to base 16
-40b
What is 131a (base 11) in base 14?
8a7
-3240 (base 10) to base 15
-e60
What is 131040 (base 6) in base 5?
340104
2033 (base 4) to base 7
263
-24003 (base 6) to base 4
-312003
What is -ec (base 16) in base 8?
-354
-212a (base 15) to base 2
-1101101100111
Convert 6203 (base 8) to base 11.
2452
What is 123312 (base 5) in base 10?
4832
Convert 839 (base 14) to base 12.
b2b
What is 1345 (base 10) in base 2?
10101000001
What is 11111110 (base 2) in base 3?
100102
21243 (base 6) to base 16
b5b
Convert -3313 (base 9) to base 2.
-100110001010
Convert 101021002 (base 3) to base 5.
214411
Convert 16131 (base 8) to base 15.
223c
Convert -584 (base 10) to base 6.
-2412
-14055 (base 7) to base 2
-111011100101
What is 4016 (base 13) in base 7?
34451
What is 2122202 (base 3) in base 11?
1501
-14333 (base 8) to base 16
-18db
What is 8226 (base 13) in base 7?
103215
What is -825 (base 10) in base 6?
-3453
What is -5a57 (base 14) in base 8?
-36615
16260 (base 9) to base 15
3486
What is -1330000 (base 4) in base 5?
-223221
Convert 16650 (base 9) to base 11.
8684
What is -2a1a (base 16) in base 10?
-10778
What is 4d26 (base 14) in base 4?
3103312
What is -4105 (base 16) in base 15?
-4dea
Convert -1101 (base 5) to base 4.
-2113
What is 1640 (base 8) in base 14?
4a4
Convert 23a (base 15) to base 2.
111111001
1010100100000 (base 2) to base 7
21524
22020221 (base 4) to base 15
c478
What is -4a2c (base 13) in base 10?
-10516
-5263 (base 11) to base 2
-1101100110110
Convert -1401 (base 7) to base 11.
-451
What is 110112 (base 3) in base 4?
11102
Convert 1001010111000000 (base 2) to base 10.
38336
357 (base 13) to base 5
4304
What is -1074 (base 9) in base 13?
-493
Convert -1b71a (base 12) to base 9.
-61834
Convert 1327 (base 8) to base 3.
222221
3144201 (base 5) to base 16
cf3b
Convert -1745 (base 11) to base 10.
-2227
What is -6020 (base 7) in base 3?
-2211202
What is -20211 (base 3) in base 8?
-270
What is -80ee (base 15) in base 3?
-1101100022
-4b86 (base 16) to base 3
-222112002
What is 4345 (base 9) in base 3?
11101112
Convert -1344 (base 7) to base 13.
-312
Convert -1001011100 (base 2) to base 11.
-4aa
Convert -2477 (base 12) to base 11.
-3109
-323102 (base 4) to base 14
-1550
What is 1fc (base 16) in base 7?
1324
What is -2100 (base 5) in base 4?
-10103
-5511 (base 6) to base 7
-3460
-808 (base 15) to base 8
-3420
What is 3102 (base 4) in base 12?
156
Convert -1311310 (base 4) to base 5.
-220130
Convert -540411 (base 6) to base 15.
-d17a
20164 (base 7) to base 15
16b7
Convert 8dac (base 15) to base 6.
351143
-1cd4 (base 16) to base 4
-1303110
Convert 8755 (base 11) to base 14.
42d5
What is -561 (base 7) in base 2?
-100100000
-10b8 (base 12) to base 2
-11101001100
What is -3401044 (base 5) in base 2?
-1110100010000100
What is 662 (base 7) in base 4?
11102
What is 354b (base 14) in base 13?
42ba
What is 127cb (base 13) in base 2?
1000011000000001
-9431 (base 10) to base 5
-300211
2ab8 (base 14) to base 13
3605
Convert 7549 (base 14) to base 3.
1000210010
Convert 12010110 (base 3) to base 2.
111010011010
Convert 359d (base 14) to base 2.
10010010000111
1981a (base 14) to base 7
356433
-1141 (base 9) to base 11
-700
1368 (base 13) to base 9
3740
549 (base 12) to base 7
2160
1336 (base 14) to base 9
4565
Convert -4a31 (base 15) to base 4.
-3312310
What is -22808 (base 10) in base 4?
-11210120
Convert 120330 (base 4) to base 16.
63c
What is 221101121 (base 3) in base 5?
1043021
What is 14626 (base 8) in base 4?
1212112
-346a (base 15) to base 16
-2b75
-71532 (base 10) to base 15
-162dc
Convert -114143 (base 6) to base 2.
-10011100001111
What is 619 (base 16) in base 7?
4360
What is -46 (base 14) in base 8?
-76
Convert 35525 (base 6) to base 10.
5165
Convert -10233 (base 4) to base 5.
-2203
What is 3105 (base 6) in base 10?
689
114423 (base 6) to base 7
41301
What is 2121 (base 8) in base 6?
5041
What is -21020210 (base 3) in base 16?
-14a6
21 (base 10) to base 5
41
What is -212220 (base 3) in base 13?
-3a8
What is 9034 (base 14) in base 8?
60246
What is -1324 (base 6) in base 16?
-154
1533 (base 9) to base 2
10010001100
Convert 2ffb (base 16) to base 9.
17757
What is 8c80 (base 14) in base 16?
5f60
Convert e3fc (base 16) to base 6.
1130112
Convert -13016 (base 7) to base 5.
-102233
What is -635 (base 9) in base 13?
-30b
1322021 (base 4) to base 14
2bc5
-5621 (base 7) to base 3
-2202222
Convert 21000212 (base 3) to base 2.
1010000000110
Convert c42 (base 14) to base 8.
4552
What is -125 (base 11) in base 3?
-12111
Convert -101101 (base 2) to base 15.
-30
Convert 1022010 (base 4) to base 9.
6446
4203 (base 5) to base 15
26d
What is -243 (base 14) in base 8?
-703
Convert 111 (base 16) to base 11.
229
What is -3445 (base 12) in base 15?
-1ac8
-3649 (base 14) to base 13
-4409
What is -312 (base 6) in base 14?
-84
-1676 (base 12) to base 9
-3610
-17320 (base 12) to base 10
-33288
Convert -211312 (base 6) to base 13.
-7a87
-522321 (base 6) to base 7
-233344
Convert -276 (base 13) to base 3.
-121010
4088 (base 10) to base 2
111111111000
34b (base 12) to base 13
2ba
32524 (base 6)